
Let q(h) = -h**3 - 10*h**2 + 7. Suppose -5*i - 2*v - 62 = -16, 0 = -4*i - 4*v - 32. Let m be q(i). Calculate the highest common factor of m and 7.
7
Let o be ((-6)/10)/((-4)/60). Suppose v + 4*j + 4 = -3*v, j = 3*v - 17. Suppose -31 = -v*x + o. Calculate the highest common factor of 40 and x.
10
Let i = 67 + -45. Let k be 383/7 - 2/(-7). What is the greatest common divisor of k and i?
11
Let m be (1 - -13) + 4/2. Let w = 8 + -5. Let z(b) = 5*b - 7. Let c be z(w). What is the greatest common factor of c and m?
8
Let v(m) = -m**3 - 4*m**2 + 12*m - 2. Let s be v(-9). Suppose 5*r + n = 1138 + s, -5*n + 15 = 0. What is the greatest common factor of r and 26?
26
Suppose -76 = -6*z + 20. Calculate the highest common factor of 112 and z.
16
Suppose 5*d = -155 - 135. Let q = -30 - d. What is the highest common divisor of q and 14?
14
Suppose -w = 3 - 1. Let h be w/(-8) + (-897)/(-12). What is the greatest common factor of h and 15?
15
Let l = 8 + 0. Let c = 4 - 2. Let b be -1*(-1 + (-38)/c). What is the highest common factor of l and b?
4
Suppose -67*m = -64*m - 9. Calculate the highest common factor of 9 and m.
3
Let x = 43 - 27. What is the highest common divisor of x and 112?
16
Let z be 0 + 9 + 1 - -1. Let j = -13 - -15. Let a be (j/(-5))/((-6)/660). Calculate the highest common factor of a and z.
11
Let x = 2 - -5. Suppose 2*h - 2 = 3*h. Let r be 0 - -62 - 2/h. Calculate the greatest common factor of r and x.
7
Let p(z) = 0 - z**3 + z**2 - 5*z**2 + 2 + 6*z. Let f be p(-5). Let a be f/(-6)*-3*-102. Calculate the highest common factor of a and 17.
17
Let o be (-1)/(3/3) + 61. Suppose -z = 3, 3*j + 3*z - 35 - 76 = 0. What is the greatest common factor of o and j?
20
Let y be 1232/55 + (-2)/5. Calculate the highest common divisor of y and 33.
11
Suppose 0 = -h + 2*h + 4*l - 4, -47 = -2*h + 5*l. What is the highest common divisor of h and 144?
16
Let d(w) = -w**2 - 11*w + 1. Let c be d(-10). Let n = 16 - c. Calculate the greatest common factor of n and 5.
5
Let m(j) = 3*j + 2*j**2 + 0 + j**2 + 1. Let s be m(-3). Suppose 6 = 5*c - 2*v - 5, s = 5*c + 2*v. What is the greatest common divisor of 3 and c?
3
Let i(v) = -5*v**3 - 7*v**2 - 11. Let x(z) = z**3 + 2*z**2 + 3. Let d(s) = 2*i(s) + 9*x(s). Let c be d(4). What is the greatest common factor of c and 5?
5
Suppose n - 4*c = 27, -2*n - c + 12 = -15. What is the greatest common factor of n and 5?
5
Let j = 91 + -69. What is the highest common divisor of 198 and j?
22
Suppose 11*i - 183 = 3117. What is the greatest common divisor of i and 12?
12
Suppose 0 = -f + 5*x + 28, 3*f - 10 = 2*f - 4*x. What is the greatest common factor of 12 and f?
6
Let c be -6*4/(-12) + 138. What is the greatest common divisor of c and 28?
28
Let i be 1 - 0 - 6/(-2). Let n = 27 + -23. Calculate the greatest common divisor of i and n.
4
Let b(s) = -s**3 - 12*s**2 - 11*s + 3. Let t be b(-11). Suppose 162 = t*k - 0*k. Let c = -75 - -111. Calculate the greatest common factor of k and c.
18
Let k(r) = 2*r - 10. Let p be k(7). Let l = p - 5. Let j be (1/l)/(4/(-36)). What is the highest common factor of 99 and j?
9
Let g be 1*-1*(-2)/2. Let w be ((-6)/12)/(g/(-54)). Let p = 72 + w. Calculate the greatest common divisor of p and 9.
9
Suppose 31*o - 17 = 30*o. Calculate the greatest common divisor of 170 and o.
17
Let c = 36 + -21. Let b be -1 + -2*12/(-8). Suppose -3*a = b*a - c. What is the highest common divisor of a and 3?
3
Let r(w) = w**3 + 6*w**2 - w - 1. Let u be r(-6). Suppose -5*z + 14 = -2*q - 13, 5*q = 5*z - 30. Calculate the greatest common divisor of u and z.
5
Let f = -256 + 503. Calculate the highest common divisor of f and 13.
13
Suppose 0 = 5*l + 16 - 96. Let v(u) = u**3 + 9*u**2 - 7*u - 7. Let x be v(-5). Calculate the greatest common factor of x and l.
16
Suppose 67 = -4*i + 15. Let h = -9 - i. Let d be 3/9*6/2. Calculate the highest common divisor of h and d.
1
Suppose 39*j = 40*j - 12. Calculate the highest common factor of j and 4.
4
Suppose 2*j - 5*t + 3*t - 8 = 0, 4*j = -2*t - 2. What is the highest common divisor of j and 1?
1
Suppose j + 1 = -5*m - 9, 5*j + m = -74. Let n = 0 - j. Calculate the highest common factor of 6 and n.
3
Suppose -4*o + 38 = -5*c + 3*c, -25 = 5*c. Suppose -8*p + 308 = -4*p. Calculate the highest common divisor of o and p.
7
Let a = 31 - 22. Calculate the highest common factor of 3 and a.
3
Let t(x) = -x**3 + 9*x**2 + 3. Let b be t(9). Suppose 2*h = b*h - 66. Calculate the highest common divisor of 6 and h.
6
Let z be 146/3 + (-5)/(-15). Let k be 2/(-8) - z/(-4). What is the highest common factor of 3 and k?
3
Let p be (-283)/(-5) - 12/(-30). What is the highest common factor of p and 38?
19
Let t be 84/(-112) - (-518)/8. Suppose m + m + 3*g - 44 = 0, -2*g - 72 = -5*m. Calculate the greatest common factor of m and t.
16
Let q = 41 + -27. Let m be (-58)/(-7) + (-4)/q. Suppose l + 6 = 18. What is the highest common factor of l and m?
4
Suppose -2*z + 4 = 0, -z - 3 = -0*t - t. Suppose -n = d - 2*n - 142, t*d - 712 = 4*n. Calculate the greatest common divisor of d and 16.
16
Let m be 12/(-1)*6/(-9). Suppose 0 = 5*z - 6*z + 34. Let y = -18 + z. Calculate the greatest common factor of m and y.
8
Let a(b) = -b**2 - 6*b + 3. Let c be a(-4). Let w = -71 - -82. What is the greatest common factor of w and c?
11
Suppose -4*h = -3*h - 26. Calculate the greatest common factor of h and 13.
13
Suppose 3 + 2 = -5*f, 4*v + 2*f = 70. Let d(u) = -36*u**3 - u - 1. Let l be d(-1). Calculate the highest common divisor of v and l.
18
Let v be (2 + 0)*(-118)/(-4). Suppose 0 = -3*j - 2*t - 0*t + v, 47 = 3*j - t. What is the highest common factor of j and 119?
17
Suppose -i + c + c + 108 = 0, 3*i - 5*c - 319 = 0. Suppose -i = 4*s + 598. Let q = 295 + s. Calculate the highest common factor of q and 11.
11
Let m be 0 + (1 + -1 - -5). Suppose d + 128 = m*d. Calculate the greatest common divisor of 80 and d.
16
Let y = -34 - -62. Let s = 13 + -7. Let d = 13 - s. What is the highest common divisor of d and y?
7
Suppose 0 + 5 = -c, -3*o + 2*c = -25. Let u(y) = 5 + 2 - y**2 - 2*y + 4*y**3 - 6. Let p be u(2). What is the highest common divisor of o and p?
5
Suppose 0 = -s + 13 + 8. What is the greatest common divisor of s and 189?
21
Suppose -5*g = 3*f - 115, 3*f - 31 = 2*f + 2*g. Calculate the highest common divisor of 7 and f.
7
Let q = 19 - 8. What is the greatest common divisor of q and 11?
11
Suppose -5*w = -10, -833 + 2869 = 5*n - 2*w. Calculate the highest common factor of 51 and n.
51
Let l = -3 + 8. Let f(z) = -8*z - 75. Let j be f(-15). What is the greatest common divisor of l and j?
5
Let j be 9/3 - -13*1. Suppose -4*p - 8 = -4*h, 0 = 2*h - 0*p + 2*p - j. Calculate the highest common divisor of 55 and h.
5
Let q = -123 + 131. Let c(l) = -12*l**3 - 2*l**2 + l + 2. Let u be c(-2). Calculate the highest common divisor of u and q.
8
Let i(g) = 2*g - 7. Let n be i(7). Let y(f) = 3*f**2 + 3*f + 2. Let d be y(-3). Suppose -2*u = -n*u + d. Calculate the greatest common factor of 32 and u.
4
Let l(s) = 2*s + 4. Let q be l(-4). Let m(b) = 5*b**2 + 6*b + 5. Let n be m(q). Let c = n + -19. What is the greatest common factor of 28 and c?
14
Let p = 17 + -33. Let z = p + 34. Suppose z = -4*d - n + 114, -2*d + n + 42 = 0. Calculate the highest common factor of 23 and d.
23
Let u be 21 + -2 - (-3 + 0). Let m be (-878)/(-8) - 2/(-8). What is the greatest common factor of u and m?
22
Let g(r) = r**2 + 2*r + 1. Let m(o) = 2*o**2 - o + 1. Let a be m(1). Let t be g(a). Suppose b + 0 = t. What is the highest common factor of 72 and b?
9
Let r be 2 - 2*(-2)/(-4). What is the greatest common factor of 3 and r?
1
Suppose 3*h = 40 + 65. Let i = 85 - h. What is the highest common divisor of 25 and i?
25
Let b = 11 - 7. Calculate the highest common divisor of b and 4.
4
Let g be 1/(-2)*(2 - 76). Let a = 75 - g. Calculate the greatest common factor of a and 95.
19
Let m = 129 - 15. Calculate the highest common factor of m and 38.
38
Suppose -5*c = -c - 24. Let p(d) = d**2 - 7*d + 8. Let h be p(c). What is the highest common divisor of 22 and h?
2
Let s = -4 - -7. Suppose -1 = -t - 4*z, 67 = 5*t + 4*z - 18. Calculate the greatest common factor of t and s.
3
Let q(k) = 2*k - 19. Let m = 12 + 3. Let s be q(m). Let a be ((-3)/(-4))/(2/8